{"id":162,"date":"2025-05-13T21:48:28","date_gmt":"2025-05-13T21:48:28","guid":{"rendered":"https:\/\/khailen.com\/index.php\/producto\/lorem-ipsum-4\/"},"modified":"2025-05-14T19:49:45","modified_gmt":"2025-05-14T19:49:45","slug":"infantil","status":"publish","type":"product","link":"https:\/\/khailen.com\/index.php\/producto\/infantil\/","title":{"rendered":"Infantil"},"content":{"rendered":"<p>Descubre nuestra colecci\u00f3n de ebooks infantiles, pensados para los m\u00e1s peque\u00f1os de la casa. Esta categor\u00eda ofrece cuentos llenos de color, aventuras y ense\u00f1anzas, con ilustraciones encantadoras que estimulan la imaginaci\u00f3n. Perfectos para fomentar el amor por la lectura en ni\u00f1os, con historias que promueven valores como la amistad, la curiosidad y la creatividad.<\/p>\n","protected":false},"excerpt":{"rendered":"<p>Descubre nuestra colecci\u00f3n de ebooks infantiles, pensados para los m\u00e1s peque\u00f1os de la casa. Esta categor\u00eda ofrece cuentos llenos de color, aventuras y ense\u00f1anzas, con ilustraciones encantadoras que estimulan la imaginaci\u00f3n. Perfectos para fomentar el amor por la lectura en ni\u00f1os, con historias que promueven valores como la amistad, la curiosidad y la creatividad.<\/p>\n","protected":false},"featured_media":209,"comment_status":"open","ping_status":"closed","template":"","meta":[],"product_brand":[],"product_cat":[78],"product_tag":[],"class_list":{"0":"post-162","1":"product","2":"type-product","3":"status-publish","4":"has-post-thumbnail","6":"product_cat-infantil","8":"first","9":"instock","10":"taxable","11":"shipping-taxable","12":"purchasable","13":"product-type-simple"},"yoast_head":"<!-- This site is optimized with the Yoast SEO plugin v25.4 - https:\/\/yoast.com\/wordpress\/plugins\/seo\/ -->\n<title>Infantil - khailen<\/title>\n<meta name=\"robots\" content=\"index, follow, max-snippet:-1, max-image-preview:large, max-video-preview:-1\" \/>\n<link rel=\"canonical\" href=\"https:\/\/khailen.com\/index.php\/producto\/infantil\/\" \/>\n<meta property=\"og:locale\" content=\"es_ES\" \/>\n<meta property=\"og:type\" content=\"article\" \/>\n<meta property=\"og:title\" content=\"Infantil - khailen\" \/>\n<meta property=\"og:description\" content=\"Descubre nuestra colecci\u00f3n de ebooks infantiles, pensados para los m\u00e1s peque\u00f1os de la casa. Esta categor\u00eda ofrece cuentos llenos de color, aventuras y ense\u00f1anzas, con ilustraciones encantadoras que estimulan la imaginaci\u00f3n. Perfectos para fomentar el amor por la lectura en ni\u00f1os, con historias que promueven valores como la amistad, la curiosidad y la creatividad.\" \/>\n<meta property=\"og:url\" content=\"https:\/\/khailen.com\/index.php\/producto\/infantil\/\" \/>\n<meta property=\"og:site_name\" content=\"khailen\" \/>\n<meta property=\"article:modified_time\" content=\"2025-05-14T19:49:45+00:00\" \/>\n<meta property=\"og:image\" content=\"https:\/\/khailen.com\/wp-content\/uploads\/2025\/05\/image-3.jpg\" \/>\n\t<meta property=\"og:image:width\" content=\"1024\" \/>\n\t<meta property=\"og:image:height\" content=\"768\" \/>\n\t<meta property=\"og:image:type\" content=\"image\/jpeg\" \/>\n<meta name=\"twitter:card\" content=\"summary_large_image\" \/>\n<script type=\"application\/ld+json\" class=\"yoast-schema-graph\">{\"@context\":\"https:\/\/schema.org\",\"@graph\":[{\"@type\":\"WebPage\",\"@id\":\"https:\/\/khailen.com\/index.php\/producto\/infantil\/\",\"url\":\"https:\/\/khailen.com\/index.php\/producto\/infantil\/\",\"name\":\"Infantil - khailen\",\"isPartOf\":{\"@id\":\"https:\/\/khailen.com\/#website\"},\"primaryImageOfPage\":{\"@id\":\"https:\/\/khailen.com\/index.php\/producto\/infantil\/#primaryimage\"},\"image\":{\"@id\":\"https:\/\/khailen.com\/index.php\/producto\/infantil\/#primaryimage\"},\"thumbnailUrl\":\"https:\/\/khailen.com\/wp-content\/uploads\/2025\/05\/image-3.jpg\",\"datePublished\":\"2025-05-13T21:48:28+00:00\",\"dateModified\":\"2025-05-14T19:49:45+00:00\",\"breadcrumb\":{\"@id\":\"https:\/\/khailen.com\/index.php\/producto\/infantil\/#breadcrumb\"},\"inLanguage\":\"es\",\"potentialAction\":[{\"@type\":\"ReadAction\",\"target\":[\"https:\/\/khailen.com\/index.php\/producto\/infantil\/\"]}]},{\"@type\":\"ImageObject\",\"inLanguage\":\"es\",\"@id\":\"https:\/\/khailen.com\/index.php\/producto\/infantil\/#primaryimage\",\"url\":\"https:\/\/khailen.com\/wp-content\/uploads\/2025\/05\/image-3.jpg\",\"contentUrl\":\"https:\/\/khailen.com\/wp-content\/uploads\/2025\/05\/image-3.jpg\",\"width\":1024,\"height\":768},{\"@type\":\"BreadcrumbList\",\"@id\":\"https:\/\/khailen.com\/index.php\/producto\/infantil\/#breadcrumb\",\"itemListElement\":[{\"@type\":\"ListItem\",\"position\":1,\"name\":\"Portada\",\"item\":\"https:\/\/khailen.com\/\"},{\"@type\":\"ListItem\",\"position\":2,\"name\":\"Tienda\",\"item\":\"https:\/\/khailen.com\/index.php\/tienda\/\"},{\"@type\":\"ListItem\",\"position\":3,\"name\":\"Infantil\"}]},{\"@type\":\"WebSite\",\"@id\":\"https:\/\/khailen.com\/#website\",\"url\":\"https:\/\/khailen.com\/\",\"name\":\"khailen\",\"description\":\"Explora eBooks \u00fanicos, historias cautivadoras y conocimiento nuevo para tu pasi\u00f3n por la lectura.\",\"publisher\":{\"@id\":\"https:\/\/khailen.com\/#organization\"},\"potentialAction\":[{\"@type\":\"SearchAction\",\"target\":{\"@type\":\"EntryPoint\",\"urlTemplate\":\"https:\/\/khailen.com\/?s={search_term_string}\"},\"query-input\":{\"@type\":\"PropertyValueSpecification\",\"valueRequired\":true,\"valueName\":\"search_term_string\"}}],\"inLanguage\":\"es\"},{\"@type\":\"Organization\",\"@id\":\"https:\/\/khailen.com\/#organization\",\"name\":\"khailen\",\"url\":\"https:\/\/khailen.com\/\",\"logo\":{\"@type\":\"ImageObject\",\"inLanguage\":\"es\",\"@id\":\"https:\/\/khailen.com\/#\/schema\/logo\/image\/\",\"url\":\"https:\/\/khailen.com\/wp-content\/uploads\/2025\/07\/cropped-1044pxlogoweb.png\",\"contentUrl\":\"https:\/\/khailen.com\/wp-content\/uploads\/2025\/07\/cropped-1044pxlogoweb.png\",\"width\":497,\"height\":50,\"caption\":\"khailen\"},\"image\":{\"@id\":\"https:\/\/khailen.com\/#\/schema\/logo\/image\/\"}}]}<\/script>\n<!-- \/ Yoast SEO plugin. -->","yoast_head_json":{"title":"Infantil - khailen","robots":{"index":"index","follow":"follow","max-snippet":"max-snippet:-1","max-image-preview":"max-image-preview:large","max-video-preview":"max-video-preview:-1"},"canonical":"https:\/\/khailen.com\/index.php\/producto\/infantil\/","og_locale":"es_ES","og_type":"article","og_title":"Infantil - khailen","og_description":"Descubre nuestra colecci\u00f3n de ebooks infantiles, pensados para los m\u00e1s peque\u00f1os de la casa. Esta categor\u00eda ofrece cuentos llenos de color, aventuras y ense\u00f1anzas, con ilustraciones encantadoras que estimulan la imaginaci\u00f3n. Perfectos para fomentar el amor por la lectura en ni\u00f1os, con historias que promueven valores como la amistad, la curiosidad y la creatividad.","og_url":"https:\/\/khailen.com\/index.php\/producto\/infantil\/","og_site_name":"khailen","article_modified_time":"2025-05-14T19:49:45+00:00","og_image":[{"width":1024,"height":768,"url":"https:\/\/khailen.com\/wp-content\/uploads\/2025\/05\/image-3.jpg","type":"image\/jpeg"}],"twitter_card":"summary_large_image","schema":{"@context":"https:\/\/schema.org","@graph":[{"@type":"WebPage","@id":"https:\/\/khailen.com\/index.php\/producto\/infantil\/","url":"https:\/\/khailen.com\/index.php\/producto\/infantil\/","name":"Infantil - khailen","isPartOf":{"@id":"https:\/\/khailen.com\/#website"},"primaryImageOfPage":{"@id":"https:\/\/khailen.com\/index.php\/producto\/infantil\/#primaryimage"},"image":{"@id":"https:\/\/khailen.com\/index.php\/producto\/infantil\/#primaryimage"},"thumbnailUrl":"https:\/\/khailen.com\/wp-content\/uploads\/2025\/05\/image-3.jpg","datePublished":"2025-05-13T21:48:28+00:00","dateModified":"2025-05-14T19:49:45+00:00","breadcrumb":{"@id":"https:\/\/khailen.com\/index.php\/producto\/infantil\/#breadcrumb"},"inLanguage":"es","potentialAction":[{"@type":"ReadAction","target":["https:\/\/khailen.com\/index.php\/producto\/infantil\/"]}]},{"@type":"ImageObject","inLanguage":"es","@id":"https:\/\/khailen.com\/index.php\/producto\/infantil\/#primaryimage","url":"https:\/\/khailen.com\/wp-content\/uploads\/2025\/05\/image-3.jpg","contentUrl":"https:\/\/khailen.com\/wp-content\/uploads\/2025\/05\/image-3.jpg","width":1024,"height":768},{"@type":"BreadcrumbList","@id":"https:\/\/khailen.com\/index.php\/producto\/infantil\/#breadcrumb","itemListElement":[{"@type":"ListItem","position":1,"name":"Portada","item":"https:\/\/khailen.com\/"},{"@type":"ListItem","position":2,"name":"Tienda","item":"https:\/\/khailen.com\/index.php\/tienda\/"},{"@type":"ListItem","position":3,"name":"Infantil"}]},{"@type":"WebSite","@id":"https:\/\/khailen.com\/#website","url":"https:\/\/khailen.com\/","name":"khailen","description":"Explora eBooks \u00fanicos, historias cautivadoras y conocimiento nuevo para tu pasi\u00f3n por la lectura.","publisher":{"@id":"https:\/\/khailen.com\/#organization"},"potentialAction":[{"@type":"SearchAction","target":{"@type":"EntryPoint","urlTemplate":"https:\/\/khailen.com\/?s={search_term_string}"},"query-input":{"@type":"PropertyValueSpecification","valueRequired":true,"valueName":"search_term_string"}}],"inLanguage":"es"},{"@type":"Organization","@id":"https:\/\/khailen.com\/#organization","name":"khailen","url":"https:\/\/khailen.com\/","logo":{"@type":"ImageObject","inLanguage":"es","@id":"https:\/\/khailen.com\/#\/schema\/logo\/image\/","url":"https:\/\/khailen.com\/wp-content\/uploads\/2025\/07\/cropped-1044pxlogoweb.png","contentUrl":"https:\/\/khailen.com\/wp-content\/uploads\/2025\/07\/cropped-1044pxlogoweb.png","width":497,"height":50,"caption":"khailen"},"image":{"@id":"https:\/\/khailen.com\/#\/schema\/logo\/image\/"}}]}},"_links":{"self":[{"href":"https:\/\/khailen.com\/index.php\/wp-json\/wp\/v2\/product\/162","targetHints":{"allow":["GET"]}}],"collection":[{"href":"https:\/\/khailen.com\/index.php\/wp-json\/wp\/v2\/product"}],"about":[{"href":"https:\/\/khailen.com\/index.php\/wp-json\/wp\/v2\/types\/product"}],"replies":[{"embeddable":true,"href":"https:\/\/khailen.com\/index.php\/wp-json\/wp\/v2\/comments?post=162"}],"wp:featuredmedia":[{"embeddable":true,"href":"https:\/\/khailen.com\/index.php\/wp-json\/wp\/v2\/media\/209"}],"wp:attachment":[{"href":"https:\/\/khailen.com\/index.php\/wp-json\/wp\/v2\/media?parent=162"}],"wp:term":[{"taxonomy":"product_brand","embeddable":true,"href":"https:\/\/khailen.com\/index.php\/wp-json\/wp\/v2\/product_brand?post=162"},{"taxonomy":"product_cat","embeddable":true,"href":"https:\/\/khailen.com\/index.php\/wp-json\/wp\/v2\/product_cat?post=162"},{"taxonomy":"product_tag","embeddable":true,"href":"https:\/\/khailen.com\/index.php\/wp-json\/wp\/v2\/product_tag?post=162"}],"curies":[{"name":"wp","href":"https:\/\/api.w.org\/{rel}","templated":true}]}}